{"id":3019,"date":"2025-05-05T21:38:00","date_gmt":"2025-05-05T21:38:00","guid":{"rendered":"https:\/\/websnebrija.es\/madrigueravelas\/?page_id=3019"},"modified":"2025-06-12T17:50:47","modified_gmt":"2025-06-12T17:50:47","slug":"blog","status":"publish","type":"page","link":"https:\/\/websnebrija.es\/madrigueravelas\/blog\/","title":{"rendered":"BLOG"},"content":{"rendered":"\n<div class=\"wp-block-uagb-container uagb-block-bc1b4247 alignfull uagb-is-root-container\"><div class=\"uagb-container-inner-blocks-wrap\">\n<div class=\"wp-block-uagb-info-box uagb-block-93a9fe4a uagb-infobox__content-wrap  uagb-infobox-icon-above-title uagb-infobox-image-valign-top\"><div class=\"uagb-ifb-content\"><div class=\"uagb-ifb-icon-wrap\"><svg xmlns=\"https:\/\/www.w3.org\/2000\/svg\" viewBox=\"0 0 512 512\"><path d=\"M0 256C0 114.6 114.6 0 256 0C397.4 0 512 114.6 512 256C512 397.4 397.4 512 256 512C114.6 512 0 397.4 0 256zM371.8 211.8C382.7 200.9 382.7 183.1 371.8 172.2C360.9 161.3 343.1 161.3 332.2 172.2L224 280.4L179.8 236.2C168.9 225.3 151.1 225.3 140.2 236.2C129.3 247.1 129.3 264.9 140.2 275.8L204.2 339.8C215.1 350.7 232.9 350.7 243.8 339.8L371.8 211.8z\"><\/path><\/svg><\/div><div class=\"uagb-ifb-title-wrap\"><h3 class=\"uagb-ifb-title\">El blog de Madriguera Velas<\/h3><\/div><p class=\"uagb-ifb-desc\"><br>El blog de Madriguera Velas, un espacio donde compartimos lo que nos inspira a crear: la calidez del hogar, el cuidado del planeta y la magia de los peque\u00f1os rituales cotidianos. Aqu\u00ed encontrar\u00e1s ideas para crear ambientes relajantes, consejos sobre velas ecol\u00f3gicas, reflexiones sobre bienestar emocional y trucos para decorar con aroma y alma.<br>Cada entrada est\u00e1 escrita con la misma intenci\u00f3n que nuestras velas: conectar contigo desde lo aut\u00e9ntico y acompa\u00f1arte en tu d\u00eda a d\u00eda con luz, calma y conciencia.<\/p><\/div><\/div>\n<\/div><\/div>\n\n\n\n<div class=\"wp-block-uagb-container uagb-block-e052304f alignfull uagb-is-root-container\"><div class=\"uagb-container-inner-blocks-wrap\">\n<div class=\"wp-block-uagb-advanced-heading uagb-block-51a4e54f\"><h2 class=\"uagb-heading-text\"><a href=\"https:\/\/websnebrija.es\/madrigueravelas\/blog-1\/\">\u00bfPor qu\u00e9 comprar velas es cool?<\/a><\/h2><\/div>\n\n\n\n<div class=\"wp-block-uagb-container uagb-block-380427fb\">\n<div class=\"wp-block-uagb-info-box uagb-block-d18ead6b uagb-infobox__content-wrap  uagb-infobox-icon-above-title uagb-infobox-image-valign-top\"><div class=\"uagb-ifb-content\"><div class=\"uagb-ifb-icon-wrap\"><svg xmlns=\"https:\/\/www.w3.org\/2000\/svg\" viewBox=\"0 0 512 512\"><path d=\"M0 256C0 114.6 114.6 0 256 0C397.4 0 512 114.6 512 256C512 397.4 397.4 512 256 512C114.6 512 0 397.4 0 256zM371.8 211.8C382.7 200.9 382.7 183.1 371.8 172.2C360.9 161.3 343.1 161.3 332.2 172.2L224 280.4L179.8 236.2C168.9 225.3 151.1 225.3 140.2 236.2C129.3 247.1 129.3 264.9 140.2 275.8L204.2 339.8C215.1 350.7 232.9 350.7 243.8 339.8L371.8 211.8z\"><\/path><\/svg><\/div><div class=\"uagb-ifb-title-wrap\"><h3 class=\"uagb-ifb-title\"><strong>Blog Madriguera Velas 1<\/strong><\/h3><\/div><p class=\"uagb-ifb-desc\">Las velas ya no son solo decoraci\u00f3n. Se han convertido en s\u00edmbolo de bienestar, estilo y conciencia.<br>En este art\u00edculo te contamos por qu\u00e9 comprar velas artesanales y ecol\u00f3gicas es m\u00e1s que una moda. Es una forma de transformar tus espacios. De cuidarte. De conectar con lo que realmente importa.<br>Las velas aportan calidez, aroma y equilibrio. Le dan personalidad a cualquier rinc\u00f3n del hogar.<br>Sirven para relajarte, para decorar con intenci\u00f3n o simplemente para crear una atm\u00f3sfera especial.<br>Y si adem\u00e1s est\u00e1n hechas a mano, con ingredientes naturales y sin t\u00f3xicos, el impacto es doble: cuidas de ti y del planeta.<br>En La Madriguera creemos que encender una vela es un ritual. Peque\u00f1o, pero poderoso. Puede cambiar tu d\u00eda.<br>Dise\u00f1amos cada vela con alma. Para que conecte contigo, con tus emociones y con tu ritmo.<br>\u00bfTe preguntas por qu\u00e9 todo el mundo ama las velas hoy en d\u00eda?<br>Este art\u00edculo te lo cuenta. Con detalle y mucho cari\u00f1o.<br><strong>Spoiler:<\/strong> s\u00ed, comprar velas es cool. Pero tambi\u00e9n es consciente, bonito y necesario.<\/p><\/div><\/div>\n<\/div>\n\n\n\n<div class=\"wp-block-uagb-advanced-heading uagb-block-85fcfacc\"><h2 class=\"uagb-heading-text\"><a href=\"https:\/\/websnebrija.es\/madrigueravelas\/__trashed-5\/\">Rituales con velas que transformar\u00e1n tu casa en un verdadero hogar<\/a><\/h2><\/div>\n\n\n\n<div class=\"wp-block-uagb-container uagb-block-d46724f0\">\n<div class=\"wp-block-uagb-info-box uagb-block-0546774f uagb-infobox__content-wrap  uagb-infobox-icon-above-title uagb-infobox-image-valign-top\"><div class=\"uagb-ifb-content\"><div class=\"uagb-ifb-icon-wrap\"><svg xmlns=\"https:\/\/www.w3.org\/2000\/svg\" viewBox=\"0 0 512 512\"><path d=\"M0 256C0 114.6 114.6 0 256 0C397.4 0 512 114.6 512 256C512 397.4 397.4 512 256 512C114.6 512 0 397.4 0 256zM371.8 211.8C382.7 200.9 382.7 183.1 371.8 172.2C360.9 161.3 343.1 161.3 332.2 172.2L224 280.4L179.8 236.2C168.9 225.3 151.1 225.3 140.2 236.2C129.3 247.1 129.3 264.9 140.2 275.8L204.2 339.8C215.1 350.7 232.9 350.7 243.8 339.8L371.8 211.8z\"><\/path><\/svg><\/div><div class=\"uagb-ifb-title-wrap\"><h3 class=\"uagb-ifb-title\"><strong>Blog Madriguera Velas 2<\/strong><\/h3><\/div><p class=\"uagb-ifb-desc\">Encender una vela puede ser mucho m\u00e1s que una acci\u00f3n est\u00e9tica: es una forma de transformar la energ\u00eda de tu casa y conectar con tu interior. En este art\u00edculo te compartimos rituales sencillos con velas que ayudan a crear un ambiente c\u00e1lido, acogedor y lleno de intenci\u00f3n.<br>Desde encender una vela al final del d\u00eda para dejar atr\u00e1s el estr\u00e9s, hasta rituales con aroma para comenzar la ma\u00f1ana con energ\u00eda o acompa\u00f1ar tus momentos de autocuidado, las velas pueden marcar un antes y un despu\u00e9s en la forma en que vives tu hogar.<br>Te mostramos c\u00f3mo elegir el aroma ideal seg\u00fan la emoci\u00f3n que quieras potenciar, c\u00f3mo usar la luz para crear atm\u00f3sferas distintas y c\u00f3mo convertir cada rinc\u00f3n de tu casa en un refugio.<br>Estos rituales no son complicados ni requieren grandes preparaciones: solo necesitas una vela hecha con amor, un momento para ti y el deseo de transformar lo cotidiano en algo especial.<br>Si quieres que tu casa no solo se vea bonita, sino que tambi\u00e9n se sienta viva, c\u00e1lida y tuya\u2026 este art\u00edculo es para ti.<\/p><\/div><\/div>\n<\/div>\n<\/div><\/div>\n\n\n\n<div class=\"wp-block-uagb-image uagb-block-8aa3be9f wp-block-uagb-image--layout-default wp-block-uagb-image--effect-static wp-block-uagb-image--align-none\"><figure class=\"wp-block-uagb-image__figure\"><img fetchpriority=\"high\" decoding=\"async\" srcset=\"https:\/\/websnebrija.es\/madrigueravelas\/wp-content\/uploads\/2025\/05\/OFRECEMOS-14-1024x576.jpg ,https:\/\/websnebrija.es\/madrigueravelas\/wp-content\/uploads\/2025\/05\/OFRECEMOS-14.jpg 780w, https:\/\/websnebrija.es\/madrigueravelas\/wp-content\/uploads\/2025\/05\/OFRECEMOS-14.jpg 360w\" sizes=\"(max-width: 480px) 150px\" src=\"https:\/\/websnebrija.es\/madrigueravelas\/wp-content\/uploads\/2025\/05\/OFRECEMOS-14-1024x576.jpg\" alt=\"\" class=\"uag-image-2842\" width=\"1070\" height=\"405\" title=\"OFRECEMOS (14)\" role=\"img\"\/><\/figure><\/div>\n\n\n\n<p><\/p>\n","protected":false},"excerpt":{"rendered":"<p>\u00bfPor qu\u00e9 comprar velas es cool? Rituales con velas que transformar\u00e1n tu casa en un verdadero hogar<\/p>\n","protected":false},"author":1,"featured_media":0,"parent":0,"menu_order":0,"comment_status":"closed","ping_status":"closed","template":"","meta":{"_uag_custom_page_level_css":"","site-sidebar-layout":"default","site-content-layout":"","ast-site-content-layout":"default","site-content-style":"default","site-sidebar-style":"default","ast-global-header-display":"","ast-banner-title-visibility":"","ast-main-header-display":"","ast-hfb-above-header-display":"","ast-hfb-below-header-display":"","ast-hfb-mobile-header-display":"","site-post-title":"","ast-breadcrumbs-content":"","ast-featured-img":"","footer-sml-layout":"","theme-transparent-header-meta":"","adv-header-id-meta":"","stick-header-meta":"","header-above-stick-meta":"","header-main-stick-meta":"","header-below-stick-meta":"","astra-migrate-meta-layouts":"set","ast-page-background-enabled":"default","ast-page-background-meta":{"desktop":{"background-color":"var(--ast-global-color-4)","background-image":"","background-repeat":"repeat","background-position":"center center","background-size":"auto","background-attachment":"scroll","background-type":"","background-media":"","overlay-type":"","overlay-color":"","overlay-opacity":"","overlay-gradient":""},"tablet":{"background-color":"","background-image":"","background-repeat":"repeat","background-position":"center center","background-size":"auto","background-attachment":"scroll","background-type":"","background-media":"","overlay-type":"","overlay-color":"","overlay-opacity":"","overlay-gradient":""},"mobile":{"background-color":"","background-image":"","background-repeat":"repeat","background-position":"center center","background-size":"auto","background-attachment":"scroll","background-type":"","background-media":"","overlay-type":"","overlay-color":"","overlay-opacity":"","overlay-gradient":""}},"ast-content-background-meta":{"desktop":{"background-color":"var(--ast-global-color-5)","background-image":"","background-repeat":"repeat","background-position":"center center","background-size":"auto","background-attachment":"scroll","background-type":"","background-media":"","overlay-type":"","overlay-color":"","overlay-opacity":"","overlay-gradient":""},"tablet":{"background-color":"var(--ast-global-color-5)","background-image":"","background-repeat":"repeat","background-position":"center center","background-size":"auto","background-attachment":"scroll","background-type":"","background-media":"","overlay-type":"","overlay-color":"","overlay-opacity":"","overlay-gradient":""},"mobile":{"background-color":"var(--ast-global-color-5)","background-image":"","background-repeat":"repeat","background-position":"center center","background-size":"auto","background-attachment":"scroll","background-type":"","background-media":"","overlay-type":"","overlay-color":"","overlay-opacity":"","overlay-gradient":""}},"footnotes":""},"class_list":["post-3019","page","type-page","status-publish","hentry"],"yoast_head":"<!-- This site is optimized with the Yoast SEO plugin v24.8.1 - https:\/\/yoast.com\/wordpress\/plugins\/seo\/ -->\n<title>BLOG - Madriguera Velas Blog<\/title>\n<meta name=\"description\" content=\"El blog Madriguera de las Velas da consejos sobre bienestar, sostenibilidad, velas artesanales ecol\u00f3gicas y todo lo que llena de luz tu hogar.\" \/>\n<meta name=\"robots\" content=\"index, follow, max-snippet:-1, max-image-preview:large, max-video-preview:-1\" \/>\n<link rel=\"canonical\" href=\"https:\/\/websnebrija.es\/madrigueravelas\/blog\/\" \/>\n<meta property=\"og:locale\" content=\"es_ES\" \/>\n<meta property=\"og:type\" content=\"article\" \/>\n<meta property=\"og:title\" content=\"BLOG - Madriguera Velas Blog\" \/>\n<meta property=\"og:description\" content=\"El blog Madriguera de las Velas da consejos sobre bienestar, sostenibilidad, velas artesanales ecol\u00f3gicas y todo lo que llena de luz tu hogar.\" \/>\n<meta property=\"og:url\" content=\"https:\/\/websnebrija.es\/madrigueravelas\/blog\/\" \/>\n<meta property=\"og:site_name\" content=\"Madriguera Velas\" \/>\n<meta property=\"article:publisher\" content=\"https:\/\/www.instagram.com\/madriguera.velas\/\" \/>\n<meta property=\"article:modified_time\" content=\"2025-06-12T17:50:47+00:00\" \/>\n<meta property=\"og:image\" content=\"https:\/\/websnebrija.es\/madrigueravelas\/wp-content\/uploads\/2025\/05\/OFRECEMOS-14-1024x576.jpg\" \/>\n<meta name=\"twitter:card\" content=\"summary_large_image\" \/>\n<meta name=\"twitter:label1\" content=\"Tiempo de lectura\" \/>\n\t<meta name=\"twitter:data1\" content=\"3 minutos\" \/>\n<script type=\"application\/ld+json\" class=\"yoast-schema-graph\">{\"@context\":\"https:\/\/schema.org\",\"@graph\":[{\"@type\":\"WebPage\",\"@id\":\"https:\/\/websnebrija.es\/madrigueravelas\/blog\/\",\"url\":\"https:\/\/websnebrija.es\/madrigueravelas\/blog\/\",\"name\":\"BLOG - Madriguera Velas Blog\",\"isPartOf\":{\"@id\":\"https:\/\/websnebrija.es\/madrigueravelas\/#website\"},\"primaryImageOfPage\":{\"@id\":\"https:\/\/websnebrija.es\/madrigueravelas\/blog\/#primaryimage\"},\"image\":{\"@id\":\"https:\/\/websnebrija.es\/madrigueravelas\/blog\/#primaryimage\"},\"thumbnailUrl\":\"https:\/\/websnebrija.es\/madrigueravelas\/wp-content\/uploads\/2025\/05\/OFRECEMOS-14-1024x576.jpg\",\"datePublished\":\"2025-05-05T21:38:00+00:00\",\"dateModified\":\"2025-06-12T17:50:47+00:00\",\"description\":\"El blog Madriguera de las Velas da consejos sobre bienestar, sostenibilidad, velas artesanales ecol\u00f3gicas y todo lo que llena de luz tu hogar.\",\"breadcrumb\":{\"@id\":\"https:\/\/websnebrija.es\/madrigueravelas\/blog\/#breadcrumb\"},\"inLanguage\":\"es\",\"potentialAction\":[{\"@type\":\"ReadAction\",\"target\":[\"https:\/\/websnebrija.es\/madrigueravelas\/blog\/\"]}]},{\"@type\":\"ImageObject\",\"inLanguage\":\"es\",\"@id\":\"https:\/\/websnebrija.es\/madrigueravelas\/blog\/#primaryimage\",\"url\":\"https:\/\/websnebrija.es\/madrigueravelas\/wp-content\/uploads\/2025\/05\/OFRECEMOS-14.jpg\",\"contentUrl\":\"https:\/\/websnebrija.es\/madrigueravelas\/wp-content\/uploads\/2025\/05\/OFRECEMOS-14.jpg\",\"width\":1920,\"height\":1080},{\"@type\":\"BreadcrumbList\",\"@id\":\"https:\/\/websnebrija.es\/madrigueravelas\/blog\/#breadcrumb\",\"itemListElement\":[{\"@type\":\"ListItem\",\"position\":1,\"name\":\"Portada\",\"item\":\"https:\/\/websnebrija.es\/madrigueravelas\/\"},{\"@type\":\"ListItem\",\"position\":2,\"name\":\"BLOG\"}]},{\"@type\":\"WebSite\",\"@id\":\"https:\/\/websnebrija.es\/madrigueravelas\/#website\",\"url\":\"https:\/\/websnebrija.es\/madrigueravelas\/\",\"name\":\"Madriguera Velas\",\"description\":\"\",\"publisher\":{\"@id\":\"https:\/\/websnebrija.es\/madrigueravelas\/#organization\"},\"potentialAction\":[{\"@type\":\"SearchAction\",\"target\":{\"@type\":\"EntryPoint\",\"urlTemplate\":\"https:\/\/websnebrija.es\/madrigueravelas\/?s={search_term_string}\"},\"query-input\":{\"@type\":\"PropertyValueSpecification\",\"valueRequired\":true,\"valueName\":\"search_term_string\"}}],\"inLanguage\":\"es\"},{\"@type\":\"Organization\",\"@id\":\"https:\/\/websnebrija.es\/madrigueravelas\/#organization\",\"name\":\"Madriguera Velas\",\"url\":\"https:\/\/websnebrija.es\/madrigueravelas\/\",\"logo\":{\"@type\":\"ImageObject\",\"inLanguage\":\"es\",\"@id\":\"https:\/\/websnebrija.es\/madrigueravelas\/#\/schema\/logo\/image\/\",\"url\":\"https:\/\/websnebrija.es\/madrigueravelas\/wp-content\/uploads\/2025\/05\/cropped-Diseno_sin_titulo_35.png\",\"contentUrl\":\"https:\/\/websnebrija.es\/madrigueravelas\/wp-content\/uploads\/2025\/05\/cropped-Diseno_sin_titulo_35.png\",\"width\":512,\"height\":512,\"caption\":\"Madriguera Velas\"},\"image\":{\"@id\":\"https:\/\/websnebrija.es\/madrigueravelas\/#\/schema\/logo\/image\/\"},\"sameAs\":[\"https:\/\/www.instagram.com\/madriguera.velas\/\"]}]}<\/script>\n<!-- \/ Yoast SEO plugin. -->","yoast_head_json":{"title":"BLOG - Madriguera Velas Blog","description":"El blog Madriguera de las Velas da consejos sobre bienestar, sostenibilidad, velas artesanales ecol\u00f3gicas y todo lo que llena de luz tu hogar.","robots":{"index":"index","follow":"follow","max-snippet":"max-snippet:-1","max-image-preview":"max-image-preview:large","max-video-preview":"max-video-preview:-1"},"canonical":"https:\/\/websnebrija.es\/madrigueravelas\/blog\/","og_locale":"es_ES","og_type":"article","og_title":"BLOG - Madriguera Velas Blog","og_description":"El blog Madriguera de las Velas da consejos sobre bienestar, sostenibilidad, velas artesanales ecol\u00f3gicas y todo lo que llena de luz tu hogar.","og_url":"https:\/\/websnebrija.es\/madrigueravelas\/blog\/","og_site_name":"Madriguera Velas","article_publisher":"https:\/\/www.instagram.com\/madriguera.velas\/","article_modified_time":"2025-06-12T17:50:47+00:00","og_image":[{"url":"https:\/\/websnebrija.es\/madrigueravelas\/wp-content\/uploads\/2025\/05\/OFRECEMOS-14-1024x576.jpg","type":"","width":"","height":""}],"twitter_card":"summary_large_image","twitter_misc":{"Tiempo de lectura":"3 minutos"},"schema":{"@context":"https:\/\/schema.org","@graph":[{"@type":"WebPage","@id":"https:\/\/websnebrija.es\/madrigueravelas\/blog\/","url":"https:\/\/websnebrija.es\/madrigueravelas\/blog\/","name":"BLOG - Madriguera Velas Blog","isPartOf":{"@id":"https:\/\/websnebrija.es\/madrigueravelas\/#website"},"primaryImageOfPage":{"@id":"https:\/\/websnebrija.es\/madrigueravelas\/blog\/#primaryimage"},"image":{"@id":"https:\/\/websnebrija.es\/madrigueravelas\/blog\/#primaryimage"},"thumbnailUrl":"https:\/\/websnebrija.es\/madrigueravelas\/wp-content\/uploads\/2025\/05\/OFRECEMOS-14-1024x576.jpg","datePublished":"2025-05-05T21:38:00+00:00","dateModified":"2025-06-12T17:50:47+00:00","description":"El blog Madriguera de las Velas da consejos sobre bienestar, sostenibilidad, velas artesanales ecol\u00f3gicas y todo lo que llena de luz tu hogar.","breadcrumb":{"@id":"https:\/\/websnebrija.es\/madrigueravelas\/blog\/#breadcrumb"},"inLanguage":"es","potentialAction":[{"@type":"ReadAction","target":["https:\/\/websnebrija.es\/madrigueravelas\/blog\/"]}]},{"@type":"ImageObject","inLanguage":"es","@id":"https:\/\/websnebrija.es\/madrigueravelas\/blog\/#primaryimage","url":"https:\/\/websnebrija.es\/madrigueravelas\/wp-content\/uploads\/2025\/05\/OFRECEMOS-14.jpg","contentUrl":"https:\/\/websnebrija.es\/madrigueravelas\/wp-content\/uploads\/2025\/05\/OFRECEMOS-14.jpg","width":1920,"height":1080},{"@type":"BreadcrumbList","@id":"https:\/\/websnebrija.es\/madrigueravelas\/blog\/#breadcrumb","itemListElement":[{"@type":"ListItem","position":1,"name":"Portada","item":"https:\/\/websnebrija.es\/madrigueravelas\/"},{"@type":"ListItem","position":2,"name":"BLOG"}]},{"@type":"WebSite","@id":"https:\/\/websnebrija.es\/madrigueravelas\/#website","url":"https:\/\/websnebrija.es\/madrigueravelas\/","name":"Madriguera Velas","description":"","publisher":{"@id":"https:\/\/websnebrija.es\/madrigueravelas\/#organization"},"potentialAction":[{"@type":"SearchAction","target":{"@type":"EntryPoint","urlTemplate":"https:\/\/websnebrija.es\/madrigueravelas\/?s={search_term_string}"},"query-input":{"@type":"PropertyValueSpecification","valueRequired":true,"valueName":"search_term_string"}}],"inLanguage":"es"},{"@type":"Organization","@id":"https:\/\/websnebrija.es\/madrigueravelas\/#organization","name":"Madriguera Velas","url":"https:\/\/websnebrija.es\/madrigueravelas\/","logo":{"@type":"ImageObject","inLanguage":"es","@id":"https:\/\/websnebrija.es\/madrigueravelas\/#\/schema\/logo\/image\/","url":"https:\/\/websnebrija.es\/madrigueravelas\/wp-content\/uploads\/2025\/05\/cropped-Diseno_sin_titulo_35.png","contentUrl":"https:\/\/websnebrija.es\/madrigueravelas\/wp-content\/uploads\/2025\/05\/cropped-Diseno_sin_titulo_35.png","width":512,"height":512,"caption":"Madriguera Velas"},"image":{"@id":"https:\/\/websnebrija.es\/madrigueravelas\/#\/schema\/logo\/image\/"},"sameAs":["https:\/\/www.instagram.com\/madriguera.velas\/"]}]}},"uagb_featured_image_src":{"full":false,"thumbnail":false,"medium":false,"medium_large":false,"large":false,"1536x1536":false,"2048x2048":false},"uagb_author_info":{"display_name":"admin","author_link":"https:\/\/websnebrija.es\/madrigueravelas\/author\/madrigueravelas\/"},"uagb_comment_info":0,"uagb_excerpt":"\u00bfPor qu\u00e9 comprar velas es cool? Rituales con velas que transformar\u00e1n tu casa en un verdadero hogar","_links":{"self":[{"href":"https:\/\/websnebrija.es\/madrigueravelas\/wp-json\/wp\/v2\/pages\/3019","targetHints":{"allow":["GET"]}}],"collection":[{"href":"https:\/\/websnebrija.es\/madrigueravelas\/wp-json\/wp\/v2\/pages"}],"about":[{"href":"https:\/\/websnebrija.es\/madrigueravelas\/wp-json\/wp\/v2\/types\/page"}],"author":[{"embeddable":true,"href":"https:\/\/websnebrija.es\/madrigueravelas\/wp-json\/wp\/v2\/users\/1"}],"replies":[{"embeddable":true,"href":"https:\/\/websnebrija.es\/madrigueravelas\/wp-json\/wp\/v2\/comments?post=3019"}],"version-history":[{"count":5,"href":"https:\/\/websnebrija.es\/madrigueravelas\/wp-json\/wp\/v2\/pages\/3019\/revisions"}],"predecessor-version":[{"id":3117,"href":"https:\/\/websnebrija.es\/madrigueravelas\/wp-json\/wp\/v2\/pages\/3019\/revisions\/3117"}],"wp:attachment":[{"href":"https:\/\/websnebrija.es\/madrigueravelas\/wp-json\/wp\/v2\/media?parent=3019"}],"curies":[{"name":"wp","href":"https:\/\/api.w.org\/{rel}","templated":true}]}}